{"id":5932,"date":"2023-10-08T12:58:13","date_gmt":"2023-10-08T10:58:13","guid":{"rendered":"https:\/\/www.zwetajewa-zentrum.de\/?post_type=tribe_events&#038;p=5932"},"modified":"2023-10-08T13:24:29","modified_gmt":"2023-10-08T11:24:29","slug":"vernissage-kuzeu-%d0%ba%d1%83%d0%b7%d0%b5%d1%83-displaced-identity-kunst-aus-kasachstan","status":"publish","type":"tribe_events","link":"https:\/\/www.zwetajewa-zentrum.de\/en\/veranstaltung\/vernissage-kuzeu-%d0%ba%d1%83%d0%b7%d0%b5%d1%83-displaced-identity-kunst-aus-kasachstan\/","title":{"rendered":"<img class=\"zz-mini-event-logo\" src=\"https:\/\/www.zwetajewa-zentrum.de\/wp-content\/uploads\/2022\/12\/logo_zwetajewa-zentrum-mikro.png\"> Vernissage. KUZEU (\u041a\u0423\u0417\u0415\u0423): DISPLACED IDENTITY. Kunst aus Kasachstan"},"content":{"rendered":"<p>Die indigenen kasachischen V\u00f6lker f\u00fchrten bis in das 20. Jahrhundert hinein ein Nomadenleben. Abh\u00e4ngig von den Jahreszeiten befanden sie sich in permanenter Migration. Ihre feste Bleibe im<br \/>\nHerbst nannten sie \u201eKuzeu\u201c.<\/p>\n<p><img loading=\"lazy\" decoding=\"async\" class=\"wp-image-5934 alignleft\" src=\"https:\/\/www.zwetajewa-zentrum.de\/wp-content\/uploads\/2023\/10\/231006Flyer_ZeichenderZukunft.jpg\" alt=\"\" width=\"469\" height=\"263\" srcset=\"https:\/\/www.zwetajewa-zentrum.de\/wp-content\/uploads\/2023\/10\/231006Flyer_ZeichenderZukunft.jpg 440w, https:\/\/www.zwetajewa-zentrum.de\/wp-content\/uploads\/2023\/10\/231006Flyer_ZeichenderZukunft-300x168.jpg 300w, https:\/\/www.zwetajewa-zentrum.de\/wp-content\/uploads\/2023\/10\/231006Flyer_ZeichenderZukunft-18x10.jpg 18w\" sizes=\"(max-width: 469px) 100vw, 469px\" \/>In der Geschichte des sowjetischen Kasachstans bekamen die Migrationsprozesse eine ganz andere, tragische Bedeutung. Ausgehend vom Begriff \u201eKuzeu\u201c, der sowohl auf die zeitliche (Herbst) als auch auf die r\u00e4umliche (Bleibe) Dimension hinweist, m\u00f6chte das Ausstellungsprojekt die beiden Koordinaten verbinden und die Auswirkung der V\u00f6lkerbewegungen im Raum und in der Zeit thematisieren. Dabei geht es um Erfahrungen des Zerfalls eines Imperiums an dessen R\u00e4ndern und die Konsequenzen dieses Prozesses. Ausgehend von der Kunst erz\u00e4hlt das Projekt \u00fcber die Schwierigkeit einer Selbstfindung in einer polyethnischen Umgebung, \u00fcber den Einfluss der Geschichte der fr\u00fcheren Generationen auf das moderne Kasachstan sowie \u00fcber die Erinnerung daran.<\/p>\n<p><img loading=\"lazy\" decoding=\"async\" class=\"wp-image-5933 alignright\" src=\"https:\/\/www.zwetajewa-zentrum.de\/wp-content\/uploads\/2023\/10\/231006Flyer_ZeichenderZukunft_2-1.jpg\" alt=\"\" width=\"493\" height=\"276\" srcset=\"https:\/\/www.zwetajewa-zentrum.de\/wp-content\/uploads\/2023\/10\/231006Flyer_ZeichenderZukunft_2-1.jpg 441w, https:\/\/www.zwetajewa-zentrum.de\/wp-content\/uploads\/2023\/10\/231006Flyer_ZeichenderZukunft_2-1-300x168.jpg 300w, https:\/\/www.zwetajewa-zentrum.de\/wp-content\/uploads\/2023\/10\/231006Flyer_ZeichenderZukunft_2-1-18x10.jpg 18w\" sizes=\"(max-width: 493px) 100vw, 493px\" \/>Beteiligte K\u00fcnstlerinnen und K\u00fcnstler:<br \/>\n<strong>Saule Dyussenbina, Shamil Guliev, Yadykar Ibraimov, Nikolay Karabinovich, Anna Kin, Almagul Menlibayeva, Ramil Niyazov-Adyljan, Saule Suleimenova, Tair Tabiyev, Roman Zakharov<\/strong><\/p>\n<p>Kuratoren-Team: <strong>Olga Vesselova <\/strong>and<strong> Sanzhar Serikpayev<\/strong> (Kasachstan),<br \/>\n<strong>Margarita Augustin<\/strong> (Freiburg)<\/p>\n<p>Im Rahmen des Projekts finden Artist-Talks, Diskussionen und ein Art-Workshop statt. Au\u00dferdem laden wir Sie zu Kuratorenf\u00fchrungen in englischer, deutscher und russischer Sprache ein.<\/p>\n<p>Eintritt frei<\/p>","protected":false},"excerpt":{"rendered":"<p>Die indigenen kasachischen V\u00f6lker f\u00fchrten bis in das 20. Jahrhundert hinein ein Nomadenleben. Abh\u00e4ngig von den Jahreszeiten befanden sie sich in permanenter Migration. Ihre feste Bleibe im Herbst nannten sie [&hellip;]<\/p>\n","protected":false},"author":10,"featured_media":0,"template":"","meta":{"_acf_changed":false,"_et_pb_use_builder":"","_et_pb_old_content":"","_et_gb_content_width":"","_tribe_events_status":"","_tribe_events_status_reason":"","footnotes":""},"tags":[],"tribe_events_cat":[33],"class_list":["post-5932","tribe_events","type-tribe_events","status-publish","hentry","tribe_events_cat-ausstellung","cat_ausstellung"],"acf":[],"_links":{"self":[{"href":"https:\/\/www.zwetajewa-zentrum.de\/en\/wp-json\/wp\/v2\/tribe_events\/5932","targetHints":{"allow":["GET"]}}],"collection":[{"href":"https:\/\/www.zwetajewa-zentrum.de\/en\/wp-json\/wp\/v2\/tribe_events"}],"about":[{"href":"https:\/\/www.zwetajewa-zentrum.de\/en\/wp-json\/wp\/v2\/types\/tribe_events"}],"author":[{"embeddable":true,"href":"https:\/\/www.zwetajewa-zentrum.de\/en\/wp-json\/wp\/v2\/users\/10"}],"version-history":[{"count":6,"href":"https:\/\/www.zwetajewa-zentrum.de\/en\/wp-json\/wp\/v2\/tribe_events\/5932\/revisions"}],"predecessor-version":[{"id":5942,"href":"https:\/\/www.zwetajewa-zentrum.de\/en\/wp-json\/wp\/v2\/tribe_events\/5932\/revisions\/5942"}],"wp:attachment":[{"href":"https:\/\/www.zwetajewa-zentrum.de\/en\/wp-json\/wp\/v2\/media?parent=5932"}],"wp:term":[{"taxonomy":"post_tag","embeddable":true,"href":"https:\/\/www.zwetajewa-zentrum.de\/en\/wp-json\/wp\/v2\/tags?post=5932"},{"taxonomy":"tribe_events_cat","embeddable":true,"href":"https:\/\/www.zwetajewa-zentrum.de\/en\/wp-json\/wp\/v2\/tribe_events_cat?post=5932"}],"curies":[{"name":"wp","href":"https:\/\/api.w.org\/{rel}","templated":true}]}}

<img class="zz-mini-event-logo" src="https://www.zwetajewa-zentrum.de/wp-content/uploads/2022/12/logo_zwetajewa-zentrum-mikro.png"> Vernissage. KUZEU (КУЗЕУ): DISPLACED IDENTITY. Kunst aus Kasachstan

<p>Die indigenen kasachischen Völker führten bis in das 20. Jahrhundert hinein ein Nomadenleben. Abhängig von den Jahreszeiten befanden sie sich in permanenter Migration. Ihre feste Bleibe im<br />
Herbst nannten sie „Kuzeu“.</p>
<p><img loading="lazy" decoding="async" class="wp-image-5934 alignleft" src="https://www.zwetajewa-zentrum.de/wp-content/uploads/2023/10/231006Flyer_ZeichenderZukunft.jpg" alt="" width="469" height="263" srcset="https://www.zwetajewa-zentrum.de/wp-content/uploads/2023/10/231006Flyer_ZeichenderZukunft.jpg 440w, https://www.zwetajewa-zentrum.de/wp-content/uploads/2023/10/231006Flyer_ZeichenderZukunft-300x168.jpg 300w, https://www.zwetajewa-zentrum.de/wp-content/uploads/2023/10/231006Flyer_ZeichenderZukunft-18x10.jpg 18w" sizes="(max-width: 469px) 100vw, 469px" />In der Geschichte des sowjetischen Kasachstans bekamen die Migrationsprozesse eine ganz andere, tragische Bedeutung. Ausgehend vom Begriff „Kuzeu“, der sowohl auf die zeitliche (Herbst) als auch auf die räumliche (Bleibe) Dimension hinweist, möchte das Ausstellungsprojekt die beiden Koordinaten verbinden und die Auswirkung der Völkerbewegungen im Raum und in der Zeit thematisieren. Dabei geht es um Erfahrungen des Zerfalls eines Imperiums an dessen Rändern und die Konsequenzen dieses Prozesses. Ausgehend von der Kunst erzählt das Projekt über die Schwierigkeit einer Selbstfindung in einer polyethnischen Umgebung, über den Einfluss der Geschichte der früheren Generationen auf das moderne Kasachstan sowie über die Erinnerung daran.</p>
<p><img loading="lazy" decoding="async" class="wp-image-5933 alignright" src="https://www.zwetajewa-zentrum.de/wp-content/uploads/2023/10/231006Flyer_ZeichenderZukunft_2-1.jpg" alt="" width="493" height="276" srcset="https://www.zwetajewa-zentrum.de/wp-content/uploads/2023/10/231006Flyer_ZeichenderZukunft_2-1.jpg 441w, https://www.zwetajewa-zentrum.de/wp-content/uploads/2023/10/231006Flyer_ZeichenderZukunft_2-1-300x168.jpg 300w, https://www.zwetajewa-zentrum.de/wp-content/uploads/2023/10/231006Flyer_ZeichenderZukunft_2-1-18x10.jpg 18w" sizes="(max-width: 493px) 100vw, 493px" />Beteiligte Künstlerinnen und Künstler:<br />
<strong>Saule Dyussenbina, Shamil Guliev, Yadykar Ibraimov, Nikolay Karabinovich, Anna Kin, Almagul Menlibayeva, Ramil Niyazov-Adyljan, Saule Suleimenova, Tair Tabiyev, Roman Zakharov</strong></p>
<p>Kuratoren-Team: <strong>Olga Vesselova </strong>and<strong> Sanzhar Serikpayev</strong> (Kasachstan),<br />
<strong>Margarita Augustin</strong> (Freiburg)</p>
<p>Im Rahmen des Projekts finden Artist-Talks, Diskussionen und ein Art-Workshop statt. Außerdem laden wir Sie zu Kuratorenführungen in englischer, deutscher und russischer Sprache ein.</p>
<p>Eintritt frei</p>

<p>Die indigenen kasachischen Völker führten bis in das 20. Jahrhundert hinein ein Nomadenleben. Abhängig von den Jahreszeiten befanden sie sich in permanenter Migration. Ihre feste Bleibe im Herbst nannten sie [&hellip;]</p>
